{"id":16,"date":"2016-02-24T16:00:44","date_gmt":"2016-02-24T19:00:44","guid":{"rendered":"http:\/\/www.hospitalaustral.edu.ar\/plandesalud\/?page_id=16"},"modified":"2016-04-10T20:14:44","modified_gmt":"2016-04-10T23:14:44","slug":"hospital-universitario-austral","status":"publish","type":"page","link":"https:\/\/www.hospitalaustral.edu.ar\/plandesalud\/institucional\/hospital-universitario-austral\/","title":{"rendered":"Hospital Universitario Austral"},"content":{"rendered":"<p><img loading=\"lazy\" decoding=\"async\" class=\"alignnone size-full wp-image-169\" src=\"https:\/\/www.hospitalaustral.edu.ar\/plandesalud\/wp-content\/uploads\/2016\/02\/quienes-somos.jpg\" alt=\"quienes-somos\" width=\"630\" height=\"258\" srcset=\"https:\/\/www.hospitalaustral.edu.ar\/plandesalud\/wp-content\/uploads\/2016\/02\/quienes-somos.jpg 630w, https:\/\/www.hospitalaustral.edu.ar\/plandesalud\/wp-content\/uploads\/2016\/02\/quienes-somos-300x123.jpg 300w\" sizes=\"(max-width: 630px) 100vw, 630px\" \/><\/p>\n<h2>La Misi\u00f3n<\/h2>\n<p class=\"h5\">Somos una organizaci\u00f3n Universitaria, dedicada a la Asistencia, docencia e investigaci\u00f3n biom\u00e9dica, comprometida con la b\u00fasqueda de la verdad y la cultura de la vida, que poniendo especial \u00e9nfasis en la calidad del trabajo y en la seguridad del paciente, orienta toda su labor hacia el servicio de la persona y al desarrollo de los valores humanos y cristianos.<\/p>\n<h2 class=\"h5\">Los Valores<\/h2>\n<p class=\"h5\">El <a href=\"http:\/\/www.hospitalaustral.edu.ar\/home.asp\" target=\"_blank\">Hospital Universitario Austral<\/a> promueve muy especialmente la formaci\u00f3n de personas capaces de vivir y transmitir, en un clima de respeto a la libertad individual, el optimismo, la lealtad, la honestidad y la constancia, virtudes humanas que, guiadas por el esp\u00edritu cristiano, buscan ser llevadas a su plenitud, en una integraci\u00f3n arm\u00f3nica de Fe, Ciencia y Vida.<\/p>\n<h2 class=\"h2\">La Historia<\/h2>\n<p class=\"h5\">Treinta a\u00f1os atr\u00e1s, un grupo de m\u00e9dicos so\u00f1aba un hospital universitario que cumpliera con el triple objetivo de ense\u00f1ar, investigar y asistir, brindando a la sociedad profesionales con la mejor educaci\u00f3n t\u00e9cnica y la m\u00e1s alta formaci\u00f3n humana. Con ese norte naci\u00f3, en 1996, la <a href=\"http:\/\/www.austral.edu.ar\/cienciasbiomedicas\/\" target=\"_blank\">Facultad de Ciencias Biom\u00e9dicas de la Universidad Austral<\/a> que, en 2001 tendr\u00eda su primera promoci\u00f3n de m\u00e9dicos y licenciados en enfermer\u00eda.<\/p>\n<p class=\"h5\">Paralelamente al desarrollo de la Facultad, el empresario Gregorio P\u00e9rez Companc y su familia decidieron apoyar, con gran generosidad, el desarrollo de las obras del so\u00f1ado hospital. Desde entonces, Hospital y Facultad trabajan en equipo, unificando esfuerzos, conocimiento y formaci\u00f3n para sobrellevar cada desaf\u00edo.<\/p>\n","protected":false},"excerpt":{"rendered":"<p>La Misi\u00f3n Somos una organizaci\u00f3n Universitaria, dedicada a la Asistencia, docencia e investigaci\u00f3n biom\u00e9dica, comprometida con la b\u00fasqueda de la verdad y la cultura de la vida, que poniendo especial \u00e9nfasis en la calidad del trabajo y en la seguridad [&hellip;]<\/p>\n","protected":false},"author":4,"featured_media":0,"parent":14,"menu_order":1,"comment_status":"closed","ping_status":"closed","template":"","meta":{"_acf_changed":false,"footnotes":""},"acf":[],"_links":{"self":[{"href":"https:\/\/www.hospitalaustral.edu.ar\/plandesalud\/wp-json\/wp\/v2\/pages\/16"}],"collection":[{"href":"https:\/\/www.hospitalaustral.edu.ar\/plandesalud\/wp-json\/wp\/v2\/pages"}],"about":[{"href":"https:\/\/www.hospitalaustral.edu.ar\/plandesalud\/wp-json\/wp\/v2\/types\/page"}],"author":[{"embeddable":true,"href":"https:\/\/www.hospitalaustral.edu.ar\/plandesalud\/wp-json\/wp\/v2\/users\/4"}],"replies":[{"embeddable":true,"href":"https:\/\/www.hospitalaustral.edu.ar\/plandesalud\/wp-json\/wp\/v2\/comments?post=16"}],"version-history":[{"count":2,"href":"https:\/\/www.hospitalaustral.edu.ar\/plandesalud\/wp-json\/wp\/v2\/pages\/16\/revisions"}],"predecessor-version":[{"id":170,"href":"https:\/\/www.hospitalaustral.edu.ar\/plandesalud\/wp-json\/wp\/v2\/pages\/16\/revisions\/170"}],"up":[{"embeddable":true,"href":"https:\/\/www.hospitalaustral.edu.ar\/plandesalud\/wp-json\/wp\/v2\/pages\/14"}],"wp:attachment":[{"href":"https:\/\/www.hospitalaustral.edu.ar\/plandesalud\/wp-json\/wp\/v2\/media?parent=16"}],"curies":[{"name":"wp","href":"https:\/\/api.w.org\/{rel}","templated":true}]}}