{"id":2471,"date":"2022-05-09T08:52:58","date_gmt":"2022-05-09T11:52:58","guid":{"rendered":"https:\/\/www.hospitalaustral.edu.ar\/plandesalud\/?page_id=2471"},"modified":"2022-05-09T08:56:01","modified_gmt":"2022-05-09T11:56:01","slug":"como-incorporar-a-mi-hijo-a-recien-nacido-a-en-mi-plan-asociados-aces","status":"publish","type":"page","link":"https:\/\/www.hospitalaustral.edu.ar\/plandesalud\/servicios\/preguntas-frecuentes\/como-incorporar-a-mi-hijo-a-recien-nacido-a-en-mi-plan-asociados-aces\/","title":{"rendered":"\u00bfC\u00d3MO INCORPORAR A MI HIJO\/A RECI\u00c9N NACIDO\/A EN MI PLAN?"},"content":{"rendered":"<h2>Asociados ACES &#8211; Plan de Salud del HOSPITAL UNIVERSITARIO AUSTRAL<\/h2>\n<p>En los primeros d\u00edas, en el Plan de Salud del HOSPITAL UNIVERSITARIO AUSTRAL, atenderemos al beb\u00e9 con la credencial de la mam\u00e1 por 30 d\u00edas corridos. Luego, deber\u00e1 estar incorporado a la cobertura; para ello, <strong>antes de los 30 d\u00edas corridos del nacimiento, deber\u00e1 realizar el tr\u00e1mite de incorporaci\u00f3n<\/strong>:<\/p>\n<p><strong>Anote a su beb\u00e9 antes de los 30 d\u00edas corridos del nacimiento:<\/strong><\/p>\n<p>Si es su deseo que su beb\u00e9 contin\u00fae con su misma cobertura, en nuestro Plan de Salud, antes de los 30 d\u00edas corridos, deber\u00e1 comunicarnos su confirmaci\u00f3n de la siguiente manera:<\/p>\n<p><strong>Completando la Solicitud de Incorporaci\u00f3n:<\/strong><\/p>\n<p>Personalmente, en la Oficina de Recursos Humanos del HOSPITAL UNIVERSITARIO AUSTRAL.<\/p>\n<p>Para completar la solicitud necesitar\u00e1:<\/p>\n<ul>\n<li>Nombre y apellido del bebe o de la beba.<\/li>\n<li>Nro. de DNI.<\/li>\n<li>Peso y talla.<\/li>\n<\/ul>\n","protected":false},"excerpt":{"rendered":"<p>Asociados ACES &#8211; Plan de Salud del HOSPITAL UNIVERSITARIO AUSTRAL En los primeros d\u00edas, en el Plan de Salud del HOSPITAL UNIVERSITARIO AUSTRAL, atenderemos al beb\u00e9 con la credencial de la mam\u00e1 por 30 d\u00edas corridos. Luego, deber\u00e1 estar incorporado [&hellip;]<\/p>\n","protected":false},"author":4,"featured_media":0,"parent":50,"menu_order":0,"comment_status":"closed","ping_status":"closed","template":"","meta":{"_acf_changed":false,"footnotes":""},"acf":[],"_links":{"self":[{"href":"https:\/\/www.hospitalaustral.edu.ar\/plandesalud\/wp-json\/wp\/v2\/pages\/2471"}],"collection":[{"href":"https:\/\/www.hospitalaustral.edu.ar\/plandesalud\/wp-json\/wp\/v2\/pages"}],"about":[{"href":"https:\/\/www.hospitalaustral.edu.ar\/plandesalud\/wp-json\/wp\/v2\/types\/page"}],"author":[{"embeddable":true,"href":"https:\/\/www.hospitalaustral.edu.ar\/plandesalud\/wp-json\/wp\/v2\/users\/4"}],"replies":[{"embeddable":true,"href":"https:\/\/www.hospitalaustral.edu.ar\/plandesalud\/wp-json\/wp\/v2\/comments?post=2471"}],"version-history":[{"count":2,"href":"https:\/\/www.hospitalaustral.edu.ar\/plandesalud\/wp-json\/wp\/v2\/pages\/2471\/revisions"}],"predecessor-version":[{"id":2473,"href":"https:\/\/www.hospitalaustral.edu.ar\/plandesalud\/wp-json\/wp\/v2\/pages\/2471\/revisions\/2473"}],"up":[{"embeddable":true,"href":"https:\/\/www.hospitalaustral.edu.ar\/plandesalud\/wp-json\/wp\/v2\/pages\/50"}],"wp:attachment":[{"href":"https:\/\/www.hospitalaustral.edu.ar\/plandesalud\/wp-json\/wp\/v2\/media?parent=2471"}],"curies":[{"name":"wp","href":"https:\/\/api.w.org\/{rel}","templated":true}]}}