{"id":2483,"date":"2022-05-17T07:42:18","date_gmt":"2022-05-17T10:42:18","guid":{"rendered":"https:\/\/www.hospitalaustral.edu.ar\/plandesalud\/?page_id=2483"},"modified":"2024-11-27T13:42:57","modified_gmt":"2024-11-27T16:42:57","slug":"solicitud-de-baja","status":"publish","type":"page","link":"https:\/\/www.hospitalaustral.edu.ar\/plandesalud\/servicios\/solicitud-de-baja\/","title":{"rendered":"Solicitud de Baja"},"content":{"rendered":"<p>La Solicitud de Baja solo puede ser gestionada por el titular del plan de salud, esto implica la p\u00e9rdida de cobertura de tu plan e incluye a todos los integrantes del grupo familiar. La baja implica p\u00e9rdida de la antig\u00fcedad en caso de reingreso.<br \/>\n<script type=\"text\/javascript\" src=\"https:\/\/form.jotform.com\/jsform\/221363231338650\"><\/script><\/p>\n","protected":false},"excerpt":{"rendered":"<p>La Solicitud de Baja solo puede ser gestionada por el titular del plan de salud, esto implica la p\u00e9rdida de cobertura de tu plan e incluye a todos los integrantes del grupo familiar. La baja implica p\u00e9rdida de la antig\u00fcedad [&hellip;]<\/p>\n","protected":false},"author":4,"featured_media":0,"parent":43,"menu_order":14,"comment_status":"closed","ping_status":"closed","template":"","meta":{"_acf_changed":false,"footnotes":""},"acf":[],"_links":{"self":[{"href":"https:\/\/www.hospitalaustral.edu.ar\/plandesalud\/wp-json\/wp\/v2\/pages\/2483"}],"collection":[{"href":"https:\/\/www.hospitalaustral.edu.ar\/plandesalud\/wp-json\/wp\/v2\/pages"}],"about":[{"href":"https:\/\/www.hospitalaustral.edu.ar\/plandesalud\/wp-json\/wp\/v2\/types\/page"}],"author":[{"embeddable":true,"href":"https:\/\/www.hospitalaustral.edu.ar\/plandesalud\/wp-json\/wp\/v2\/users\/4"}],"replies":[{"embeddable":true,"href":"https:\/\/www.hospitalaustral.edu.ar\/plandesalud\/wp-json\/wp\/v2\/comments?post=2483"}],"version-history":[{"count":8,"href":"https:\/\/www.hospitalaustral.edu.ar\/plandesalud\/wp-json\/wp\/v2\/pages\/2483\/revisions"}],"predecessor-version":[{"id":2496,"href":"https:\/\/www.hospitalaustral.edu.ar\/plandesalud\/wp-json\/wp\/v2\/pages\/2483\/revisions\/2496"}],"up":[{"embeddable":true,"href":"https:\/\/www.hospitalaustral.edu.ar\/plandesalud\/wp-json\/wp\/v2\/pages\/43"}],"wp:attachment":[{"href":"https:\/\/www.hospitalaustral.edu.ar\/plandesalud\/wp-json\/wp\/v2\/media?parent=2483"}],"curies":[{"name":"wp","href":"https:\/\/api.w.org\/{rel}","templated":true}]}}