{"id":3191,"date":"2024-06-20T16:10:10","date_gmt":"2024-06-20T19:10:10","guid":{"rendered":"https:\/\/www.hospitalaustral.edu.ar\/plandesalud\/?page_id=3191"},"modified":"2024-09-27T08:47:05","modified_gmt":"2024-09-27T11:47:05","slug":"planes","status":"publish","type":"page","link":"https:\/\/www.hospitalaustral.edu.ar\/plandesalud\/planes\/","title":{"rendered":"Planes"},"content":{"rendered":"<p><img loading=\"lazy\" decoding=\"async\" class=\"aligncenter size-full wp-image-3186\" src=\"https:\/\/www.hospitalaustral.edu.ar\/plandesalud\/wp-content\/uploads\/2024\/06\/header-planes-cobertura-nedica-integral.jpg\" alt=\"Planes de Salud - Hospital Austral - Cobertura medica integral\" width=\"1200\" height=\"570\" srcset=\"https:\/\/www.hospitalaustral.edu.ar\/plandesalud\/wp-content\/uploads\/2024\/06\/header-planes-cobertura-nedica-integral.jpg 1200w, https:\/\/www.hospitalaustral.edu.ar\/plandesalud\/wp-content\/uploads\/2024\/06\/header-planes-cobertura-nedica-integral-300x143.jpg 300w, https:\/\/www.hospitalaustral.edu.ar\/plandesalud\/wp-content\/uploads\/2024\/06\/header-planes-cobertura-nedica-integral-1024x486.jpg 1024w, https:\/\/www.hospitalaustral.edu.ar\/plandesalud\/wp-content\/uploads\/2024\/06\/header-planes-cobertura-nedica-integral-768x365.jpg 768w\" sizes=\"(max-width: 1200px) 100vw, 1200px\" \/><\/p>\n<h2>NUESTROS PLANES L\u00cdNEA CL\u00c1SICO<\/h2>\n<p><img loading=\"lazy\" decoding=\"async\" class=\"aligncenter size-full wp-image-3187\" src=\"https:\/\/www.hospitalaustral.edu.ar\/plandesalud\/wp-content\/uploads\/2024\/06\/nuestros-planes-linea-clasico.jpg\" alt=\"Hospital Universitario Austral - Plan de Salud - Planes L\u00ednea Cl\u00e1sico\" width=\"1200\" height=\"268\" srcset=\"https:\/\/www.hospitalaustral.edu.ar\/plandesalud\/wp-content\/uploads\/2024\/06\/nuestros-planes-linea-clasico.jpg 1200w, https:\/\/www.hospitalaustral.edu.ar\/plandesalud\/wp-content\/uploads\/2024\/06\/nuestros-planes-linea-clasico-300x67.jpg 300w, https:\/\/www.hospitalaustral.edu.ar\/plandesalud\/wp-content\/uploads\/2024\/06\/nuestros-planes-linea-clasico-1024x229.jpg 1024w, https:\/\/www.hospitalaustral.edu.ar\/plandesalud\/wp-content\/uploads\/2024\/06\/nuestros-planes-linea-clasico-768x172.jpg 768w\" sizes=\"(max-width: 1200px) 100vw, 1200px\" \/><\/p>\n<p>Los Planes L\u00cdNEA CL\u00c1SICO brindan el acceso directo a todas las especialidades y una cartilla amplia de profesionales, con presencia en Centros M\u00e9dicos y de Diagn\u00f3stico de diferentes localidades.<\/p>\n<p>El Plan CL\u00c1SICO 4040, ofrece el acceso a otros profesionales por medio de reintegros, tanto en Consultas como en Estudios de Diagn\u00f3stico, e incluye en su cobertura uno de los m\u00f3dulos opcionales.<\/p>\n<p>De acuerdo al Plan, se ofrecen M\u00f3dulos Opcionales como Cirug\u00eda Est\u00e9tica, Pr\u00f3tesis Importadas y Ortesis. Determinados Planes ya incluyen en su cobertura algunos de estos m\u00f3dulos.<\/p>\n<p><a href=\"https:\/\/www.hospitalaustral.edu.ar\/plandesalud\/clasico-4040\/\"><img loading=\"lazy\" decoding=\"async\" class=\"alignnone wp-image-3348 size-full\" src=\"https:\/\/www.hospitalaustral.edu.ar\/plandesalud\/wp-content\/uploads\/2024\/08\/boton-clasico-4040.jpg\" alt=\"Plan Cl\u00e1sico 4040 - Plan de Salud Hospital Universitario Austral\" width=\"368\" height=\"43\" srcset=\"https:\/\/www.hospitalaustral.edu.ar\/plandesalud\/wp-content\/uploads\/2024\/08\/boton-clasico-4040.jpg 368w, https:\/\/www.hospitalaustral.edu.ar\/plandesalud\/wp-content\/uploads\/2024\/08\/boton-clasico-4040-300x35.jpg 300w\" sizes=\"(max-width: 368px) 100vw, 368px\" \/><\/a><\/p>\n<p><a href=\"https:\/\/www.hospitalaustral.edu.ar\/plandesalud\/clasico-4030\/\"><img loading=\"lazy\" decoding=\"async\" class=\"alignnone wp-image-3347 size-full\" src=\"https:\/\/www.hospitalaustral.edu.ar\/plandesalud\/wp-content\/uploads\/2024\/08\/boton-clasico-4030.jpg\" alt=\"Plan Cl\u00e1sico 4030 - Plan de Salud Hospital Universitario Austral\" width=\"368\" height=\"43\" srcset=\"https:\/\/www.hospitalaustral.edu.ar\/plandesalud\/wp-content\/uploads\/2024\/08\/boton-clasico-4030.jpg 368w, https:\/\/www.hospitalaustral.edu.ar\/plandesalud\/wp-content\/uploads\/2024\/08\/boton-clasico-4030-300x35.jpg 300w\" sizes=\"(max-width: 368px) 100vw, 368px\" \/><\/a><\/p>\n<p><img loading=\"lazy\" decoding=\"async\" class=\"aligncenter wp-image-3254 size-full\" src=\"https:\/\/www.hospitalaustral.edu.ar\/plandesalud\/wp-content\/uploads\/2024\/07\/image-filete-azul-01.jpg\" alt=\"Filete azul\" width=\"1600\" height=\"120\" srcset=\"https:\/\/www.hospitalaustral.edu.ar\/plandesalud\/wp-content\/uploads\/2024\/07\/image-filete-azul-01.jpg 1600w, https:\/\/www.hospitalaustral.edu.ar\/plandesalud\/wp-content\/uploads\/2024\/07\/image-filete-azul-01-300x23.jpg 300w, https:\/\/www.hospitalaustral.edu.ar\/plandesalud\/wp-content\/uploads\/2024\/07\/image-filete-azul-01-1024x77.jpg 1024w, https:\/\/www.hospitalaustral.edu.ar\/plandesalud\/wp-content\/uploads\/2024\/07\/image-filete-azul-01-768x58.jpg 768w, https:\/\/www.hospitalaustral.edu.ar\/plandesalud\/wp-content\/uploads\/2024\/07\/image-filete-azul-01-1536x115.jpg 1536w\" sizes=\"(max-width: 1600px) 100vw, 1600px\" \/><\/p>\n<h2 class=\"h2azul\">NUESTROS PLANES L\u00cdNEA MI M\u00c9DICO<\/h2>\n<p><img loading=\"lazy\" decoding=\"async\" class=\"aligncenter size-full wp-image-3189\" src=\"https:\/\/www.hospitalaustral.edu.ar\/plandesalud\/wp-content\/uploads\/2024\/06\/nuestros-planes-linea-mi-medico.jpg\" alt=\"Hospital Universitario Austral - Planes de Salud - Planes L\u00ednea Mi M\u00e9dico\" width=\"1200\" height=\"268\" srcset=\"https:\/\/www.hospitalaustral.edu.ar\/plandesalud\/wp-content\/uploads\/2024\/06\/nuestros-planes-linea-mi-medico.jpg 1200w, https:\/\/www.hospitalaustral.edu.ar\/plandesalud\/wp-content\/uploads\/2024\/06\/nuestros-planes-linea-mi-medico-300x67.jpg 300w, https:\/\/www.hospitalaustral.edu.ar\/plandesalud\/wp-content\/uploads\/2024\/06\/nuestros-planes-linea-mi-medico-1024x229.jpg 1024w, https:\/\/www.hospitalaustral.edu.ar\/plandesalud\/wp-content\/uploads\/2024\/06\/nuestros-planes-linea-mi-medico-768x172.jpg 768w\" sizes=\"(max-width: 1200px) 100vw, 1200px\" \/><\/p>\n<p>La principal caracter\u00edstica de los Planes L\u00cdNEA MI M\u00c9DICO es la evaluaci\u00f3n por parte de un equipo de m\u00e9dicos cl\u00ednicos y pediatras de cada caso, para realizar la derivaci\u00f3n al especialista que corresponda. El acceso es directo para las<br \/>\nespecialidades: Cl\u00ednica M\u00e9dica y Pediatr\u00eda; Ginecolog\u00eda y Obstetricia; Oftalmolog\u00eda, Dermatolog\u00eda y Traumatolog\u00eda.<\/p>\n<p>Tambi\u00e9n, en los Planes L\u00cdNEA MI M\u00c9DICO se ofrecen Planes con copagos: Planes MI M\u00c9DICO 1202 y 1203.<\/p>\n<p>De acuerdo al Plan, se ofrecen M\u00f3dulos Opcionales como Pr\u00f3tesis Importadas y Ortesis. Determinados Planes ya incluyen en su cobertura algunos de estos m\u00f3dulos.<\/p>\n<p><a href=\"https:\/\/www.hospitalaustral.edu.ar\/plandesalud\/mi-medico-3030\/\"><img loading=\"lazy\" decoding=\"async\" class=\"alignnone wp-image-3353 size-full\" src=\"https:\/\/www.hospitalaustral.edu.ar\/plandesalud\/wp-content\/uploads\/2024\/08\/boton-mi-medico-3030.jpg\" alt=\"Plan Mi M\u00e9dico 3030 - Plan de Salud Hospital Universitario Austral\" width=\"368\" height=\"43\" srcset=\"https:\/\/www.hospitalaustral.edu.ar\/plandesalud\/wp-content\/uploads\/2024\/08\/boton-mi-medico-3030.jpg 368w, https:\/\/www.hospitalaustral.edu.ar\/plandesalud\/wp-content\/uploads\/2024\/08\/boton-mi-medico-3030-300x35.jpg 300w\" sizes=\"(max-width: 368px) 100vw, 368px\" \/><\/a><\/p>\n<p><a href=\"https:\/\/www.hospitalaustral.edu.ar\/plandesalud\/planes\/mi-medico-3010-joven\/\"><img loading=\"lazy\" decoding=\"async\" class=\"alignnone wp-image-3352 size-full\" src=\"https:\/\/www.hospitalaustral.edu.ar\/plandesalud\/wp-content\/uploads\/2024\/08\/boton-mi-medico-3010-joven.jpg\" alt=\"Plan Mi M\u00e9dico 3010 Joven - Plan de Salud Hospital Universitario Austral\" width=\"368\" height=\"43\" srcset=\"https:\/\/www.hospitalaustral.edu.ar\/plandesalud\/wp-content\/uploads\/2024\/08\/boton-mi-medico-3010-joven.jpg 368w, https:\/\/www.hospitalaustral.edu.ar\/plandesalud\/wp-content\/uploads\/2024\/08\/boton-mi-medico-3010-joven-300x35.jpg 300w\" sizes=\"(max-width: 368px) 100vw, 368px\" \/><\/a><\/p>\n<p><a href=\"https:\/\/www.hospitalaustral.edu.ar\/plandesalud\/planes\/mi-medico-1203\/\"><img loading=\"lazy\" decoding=\"async\" class=\"alignnone wp-image-3351 size-full\" src=\"https:\/\/www.hospitalaustral.edu.ar\/plandesalud\/wp-content\/uploads\/2024\/08\/boton-mi-medico-1203.jpg\" alt=\"Plan Mi M\u00e9dico 1203 - Plan de Salud Hospital Universitario Austral\" width=\"368\" height=\"43\" srcset=\"https:\/\/www.hospitalaustral.edu.ar\/plandesalud\/wp-content\/uploads\/2024\/08\/boton-mi-medico-1203.jpg 368w, https:\/\/www.hospitalaustral.edu.ar\/plandesalud\/wp-content\/uploads\/2024\/08\/boton-mi-medico-1203-300x35.jpg 300w\" sizes=\"(max-width: 368px) 100vw, 368px\" \/><\/a><\/p>\n<p><a href=\"https:\/\/www.hospitalaustral.edu.ar\/plandesalud\/mi-medico-1202\/\"><img loading=\"lazy\" decoding=\"async\" class=\"alignnone wp-image-3350 size-full\" src=\"https:\/\/www.hospitalaustral.edu.ar\/plandesalud\/wp-content\/uploads\/2024\/08\/boton-mi-medico-1202.jpg\" alt=\"Plan Mi M\u00e9dico 1202 - Plan de Salud Hospital Universitario Austral\" width=\"368\" height=\"43\" srcset=\"https:\/\/www.hospitalaustral.edu.ar\/plandesalud\/wp-content\/uploads\/2024\/08\/boton-mi-medico-1202.jpg 368w, https:\/\/www.hospitalaustral.edu.ar\/plandesalud\/wp-content\/uploads\/2024\/08\/boton-mi-medico-1202-300x35.jpg 300w\" sizes=\"(max-width: 368px) 100vw, 368px\" \/><\/a><\/p>\n<p><a href=\"https:\/\/www.hospitalaustral.edu.ar\/plandesalud\/planes\/mi-medico-1110\/\"><img loading=\"lazy\" decoding=\"async\" class=\"alignnone wp-image-3349 size-full\" src=\"https:\/\/www.hospitalaustral.edu.ar\/plandesalud\/wp-content\/uploads\/2024\/08\/boton-mi-medico-1110.jpg\" alt=\"Plan Mi M\u00e9dico 1110 - Plan de Salud Hospital Universitario Austral\" width=\"368\" height=\"43\" srcset=\"https:\/\/www.hospitalaustral.edu.ar\/plandesalud\/wp-content\/uploads\/2024\/08\/boton-mi-medico-1110.jpg 368w, https:\/\/www.hospitalaustral.edu.ar\/plandesalud\/wp-content\/uploads\/2024\/08\/boton-mi-medico-1110-300x35.jpg 300w\" sizes=\"(max-width: 368px) 100vw, 368px\" \/><\/a><\/p>\n<p><img loading=\"lazy\" decoding=\"async\" class=\"aligncenter wp-image-3254 size-full\" src=\"https:\/\/www.hospitalaustral.edu.ar\/plandesalud\/wp-content\/uploads\/2024\/07\/image-filete-azul-01.jpg\" alt=\"Filete azul\" width=\"1600\" height=\"120\" srcset=\"https:\/\/www.hospitalaustral.edu.ar\/plandesalud\/wp-content\/uploads\/2024\/07\/image-filete-azul-01.jpg 1600w, https:\/\/www.hospitalaustral.edu.ar\/plandesalud\/wp-content\/uploads\/2024\/07\/image-filete-azul-01-300x23.jpg 300w, https:\/\/www.hospitalaustral.edu.ar\/plandesalud\/wp-content\/uploads\/2024\/07\/image-filete-azul-01-1024x77.jpg 1024w, https:\/\/www.hospitalaustral.edu.ar\/plandesalud\/wp-content\/uploads\/2024\/07\/image-filete-azul-01-768x58.jpg 768w, https:\/\/www.hospitalaustral.edu.ar\/plandesalud\/wp-content\/uploads\/2024\/07\/image-filete-azul-01-1536x115.jpg 1536w\" sizes=\"(max-width: 1600px) 100vw, 1600px\" \/><\/p>\n\n<h2>PROFESIONALES, CENTROS M\u00c9DICOS Y DE DIAGN\u00d3STICO<\/h2>\n<p>El HOSPITAL UNIVERSITARIO AUSTRAL extiende su radio de influencia en las zonas de Pilar, Escobar, Luj\u00e1n y San Miguel por medio de sus Consultorios Externos y del Centro de Especialidad Officia de Pilar. Todos estos centros son atendidos por profesionales del staff del Hospital y ofrecen una variedad de servicios a los pacientes que incluyen, adem\u00e1s de Consultas en Consultorio de diferentes especialidades m\u00e9dicas, Servicios de Im\u00e1genes y Servicios de Laboratorio.<\/p>\n<p>EL PLAN DE SALUD cuenta tambi\u00e9n, con una n\u00f3mina de profesionales externos a la Instituci\u00f3n, Centros M\u00e9dicos y de Diagn\u00f3stico contratados, en diferentes zonas de la Ciudad Aut\u00f3noma de Buenos Aires y en distintas localidades de la<br \/>\nProvincia de Buenos Aires.<\/p>\n<p><img loading=\"lazy\" decoding=\"async\" class=\"aligncenter wp-image-3254 size-full\" src=\"https:\/\/www.hospitalaustral.edu.ar\/plandesalud\/wp-content\/uploads\/2024\/07\/image-filete-azul-01.jpg\" alt=\"Filete azul\" width=\"1600\" height=\"120\" srcset=\"https:\/\/www.hospitalaustral.edu.ar\/plandesalud\/wp-content\/uploads\/2024\/07\/image-filete-azul-01.jpg 1600w, https:\/\/www.hospitalaustral.edu.ar\/plandesalud\/wp-content\/uploads\/2024\/07\/image-filete-azul-01-300x23.jpg 300w, https:\/\/www.hospitalaustral.edu.ar\/plandesalud\/wp-content\/uploads\/2024\/07\/image-filete-azul-01-1024x77.jpg 1024w, https:\/\/www.hospitalaustral.edu.ar\/plandesalud\/wp-content\/uploads\/2024\/07\/image-filete-azul-01-768x58.jpg 768w, https:\/\/www.hospitalaustral.edu.ar\/plandesalud\/wp-content\/uploads\/2024\/07\/image-filete-azul-01-1536x115.jpg 1536w\" sizes=\"(max-width: 1600px) 100vw, 1600px\" \/><\/p>\n\n<h2>UNA CULTURA DE SERVICIO<\/h2>\n<p>El HOSPITAL UNIVERSITARIO AUSTRAL propone una cultura de servicio, que posiciona el respeto a la persona y a la vida humana en la c\u00faspide de todas sus consideraciones y donde la atenci\u00f3n al paciente pueda sentirse hasta en los<br \/>\ndetalles m\u00e1s peque\u00f1os. El espacio que todo paciente se merece.<\/p>\n","protected":false},"excerpt":{"rendered":"<p>NUESTROS PLANES L\u00cdNEA CL\u00c1SICO Los Planes L\u00cdNEA CL\u00c1SICO brindan el acceso directo a todas las especialidades y una cartilla amplia de profesionales, con presencia en Centros M\u00e9dicos y de Diagn\u00f3stico de diferentes localidades. El Plan CL\u00c1SICO 4040, ofrece el acceso [&hellip;]<\/p>\n","protected":false},"author":4,"featured_media":0,"parent":0,"menu_order":2,"comment_status":"closed","ping_status":"closed","template":"","meta":{"_acf_changed":false,"footnotes":""},"acf":[],"_links":{"self":[{"href":"https:\/\/www.hospitalaustral.edu.ar\/plandesalud\/wp-json\/wp\/v2\/pages\/3191"}],"collection":[{"href":"https:\/\/www.hospitalaustral.edu.ar\/plandesalud\/wp-json\/wp\/v2\/pages"}],"about":[{"href":"https:\/\/www.hospitalaustral.edu.ar\/plandesalud\/wp-json\/wp\/v2\/types\/page"}],"author":[{"embeddable":true,"href":"https:\/\/www.hospitalaustral.edu.ar\/plandesalud\/wp-json\/wp\/v2\/users\/4"}],"replies":[{"embeddable":true,"href":"https:\/\/www.hospitalaustral.edu.ar\/plandesalud\/wp-json\/wp\/v2\/comments?post=3191"}],"version-history":[{"count":26,"href":"https:\/\/www.hospitalaustral.edu.ar\/plandesalud\/wp-json\/wp\/v2\/pages\/3191\/revisions"}],"predecessor-version":[{"id":3428,"href":"https:\/\/www.hospitalaustral.edu.ar\/plandesalud\/wp-json\/wp\/v2\/pages\/3191\/revisions\/3428"}],"wp:attachment":[{"href":"https:\/\/www.hospitalaustral.edu.ar\/plandesalud\/wp-json\/wp\/v2\/media?parent=3191"}],"curies":[{"name":"wp","href":"https:\/\/api.w.org\/{rel}","templated":true}]}}