{"id":479,"date":"2025-03-28T14:01:08","date_gmt":"2025-03-28T17:01:08","guid":{"rendered":"https:\/\/www.hospitalaustral.edu.ar\/vida\/?post_type=autocuidado&#038;p=479"},"modified":"2025-03-28T14:01:08","modified_gmt":"2025-03-28T17:01:08","slug":"mareos-que-los-causa-y-cuando-es-motivo-de-consulta-medica","status":"publish","type":"autocuidado","link":"https:\/\/www.hospitalaustral.edu.ar\/vida\/autocuidado\/mareos-que-los-causa-y-cuando-es-motivo-de-consulta-medica\/","title":{"rendered":"Mareos: qu\u00e9 los causa y cu\u00e1ndo es motivo de consulta m\u00e9dica"},"template":"","meta":{"_acf_changed":false},"class_list":["post-479","autocuidado","type-autocuidado","status-publish","hentry"],"acf":[],"_links":{"self":[{"href":"https:\/\/www.hospitalaustral.edu.ar\/vida\/wp-json\/wp\/v2\/autocuidado\/479","targetHints":{"allow":["GET"]}}],"collection":[{"href":"https:\/\/www.hospitalaustral.edu.ar\/vida\/wp-json\/wp\/v2\/autocuidado"}],"about":[{"href":"https:\/\/www.hospitalaustral.edu.ar\/vida\/wp-json\/wp\/v2\/types\/autocuidado"}],"wp:attachment":[{"href":"https:\/\/www.hospitalaustral.edu.ar\/vida\/wp-json\/wp\/v2\/media?parent=479"}],"curies":[{"name":"wp","href":"https:\/\/api.w.org\/{rel}","templated":true}]}}

Mareos: qué los causa y cuándo es motivo de consulta médica
