{"id":763,"date":"2026-03-13T15:35:52","date_gmt":"2026-03-13T18:35:52","guid":{"rendered":"https:\/\/www.hospitalaustral.edu.ar\/vida\/?post_type=autocuidado&#038;p=763"},"modified":"2026-03-18T11:50:03","modified_gmt":"2026-03-18T14:50:03","slug":"la-voz-tambien-necesita-atencion-como-protegerla-y-cuando-consultar","status":"publish","type":"autocuidado","link":"https:\/\/www.hospitalaustral.edu.ar\/vida\/autocuidado\/la-voz-tambien-necesita-atencion-como-protegerla-y-cuando-consultar\/","title":{"rendered":"La voz tambi\u00e9n necesita atenci\u00f3n: c\u00f3mo protegerla y cu\u00e1ndo consultar"},"template":"","meta":{"_acf_changed":false},"class_list":["post-763","autocuidado","type-autocuidado","status-publish","hentry"],"acf":[],"_links":{"self":[{"href":"https:\/\/www.hospitalaustral.edu.ar\/vida\/wp-json\/wp\/v2\/autocuidado\/763","targetHints":{"allow":["GET"]}}],"collection":[{"href":"https:\/\/www.hospitalaustral.edu.ar\/vida\/wp-json\/wp\/v2\/autocuidado"}],"about":[{"href":"https:\/\/www.hospitalaustral.edu.ar\/vida\/wp-json\/wp\/v2\/types\/autocuidado"}],"wp:attachment":[{"href":"https:\/\/www.hospitalaustral.edu.ar\/vida\/wp-json\/wp\/v2\/media?parent=763"}],"curies":[{"name":"wp","href":"https:\/\/api.w.org\/{rel}","templated":true}]}}

La voz también necesita atención: cómo protegerla y cuándo consultar
