{"id":282,"date":"2024-11-15T15:19:56","date_gmt":"2024-11-15T18:19:56","guid":{"rendered":"https:\/\/www.hospitalaustral.edu.ar\/vida\/?post_type=bienestar&#038;p=282"},"modified":"2025-01-07T14:28:35","modified_gmt":"2025-01-07T17:28:35","slug":"cuidados-paliativos-el-dolor-no-tiene-por-que-ser-el-ultimo-capitulo","status":"publish","type":"bienestar","link":"https:\/\/www.hospitalaustral.edu.ar\/vida\/bienestar\/cuidados-paliativos-el-dolor-no-tiene-por-que-ser-el-ultimo-capitulo\/","title":{"rendered":"Cuidados Paliativos: el dolor no tiene por qu\u00e9 ser el \u00faltimo cap\u00edtulo"},"template":"","meta":{"_acf_changed":false},"class_list":["post-282","bienestar","type-bienestar","status-publish","hentry"],"acf":[],"_links":{"self":[{"href":"https:\/\/www.hospitalaustral.edu.ar\/vida\/wp-json\/wp\/v2\/bienestar\/282","targetHints":{"allow":["GET"]}}],"collection":[{"href":"https:\/\/www.hospitalaustral.edu.ar\/vida\/wp-json\/wp\/v2\/bienestar"}],"about":[{"href":"https:\/\/www.hospitalaustral.edu.ar\/vida\/wp-json\/wp\/v2\/types\/bienestar"}],"wp:attachment":[{"href":"https:\/\/www.hospitalaustral.edu.ar\/vida\/wp-json\/wp\/v2\/media?parent=282"}],"curies":[{"name":"wp","href":"https:\/\/api.w.org\/{rel}","templated":true}]}}

Cuidados Paliativos: el dolor no tiene por qué ser el último capítulo
