{"id":849,"date":"2025-12-11T14:42:25","date_gmt":"2025-12-11T17:42:25","guid":{"rendered":"https:\/\/www.hospitalaustral.edu.ar\/vida\/?post_type=comunidad&#038;p=849"},"modified":"2025-12-11T14:42:58","modified_gmt":"2025-12-11T17:42:58","slug":"despues-del-silencio-el-encuentro-que-acompana-la-recuperacion-de-personas-laringectomizadas","status":"publish","type":"comunidad","link":"https:\/\/www.hospitalaustral.edu.ar\/vida\/comunidad\/despues-del-silencio-el-encuentro-que-acompana-la-recuperacion-de-personas-laringectomizadas\/","title":{"rendered":"Despu\u00e9s del silencio: el encuentro que acompa\u00f1a la recuperaci\u00f3n de personas laringectomizadas"},"template":"","meta":{"_acf_changed":false},"class_list":["post-849","comunidad","type-comunidad","status-publish","hentry"],"acf":[],"_links":{"self":[{"href":"https:\/\/www.hospitalaustral.edu.ar\/vida\/wp-json\/wp\/v2\/comunidad\/849","targetHints":{"allow":["GET"]}}],"collection":[{"href":"https:\/\/www.hospitalaustral.edu.ar\/vida\/wp-json\/wp\/v2\/comunidad"}],"about":[{"href":"https:\/\/www.hospitalaustral.edu.ar\/vida\/wp-json\/wp\/v2\/types\/comunidad"}],"wp:attachment":[{"href":"https:\/\/www.hospitalaustral.edu.ar\/vida\/wp-json\/wp\/v2\/media?parent=849"}],"curies":[{"name":"wp","href":"https:\/\/api.w.org\/{rel}","templated":true}]}}

Después del silencio: el encuentro que acompaña la recuperación de personas laringectomizadas
