{"id":449,"date":"2026-03-25T15:25:51","date_gmt":"2026-03-25T18:25:51","guid":{"rendered":"https:\/\/www.hospitalaustral.edu.ar\/vida\/?post_type=prevencion&#038;p=449"},"modified":"2026-03-26T11:50:57","modified_gmt":"2026-03-26T14:50:57","slug":"cancer-de-cuello-de-utero-sintomas-y-prevencion","status":"publish","type":"prevencion","link":"https:\/\/www.hospitalaustral.edu.ar\/vida\/prevencion\/cancer-de-cuello-de-utero-sintomas-y-prevencion\/","title":{"rendered":"C\u00e1ncer de cuello de \u00fatero: s\u00edntomas y prevenci\u00f3n"},"template":"","meta":{"_acf_changed":false},"class_list":["post-449","prevencion","type-prevencion","status-publish","hentry"],"acf":[],"_links":{"self":[{"href":"https:\/\/www.hospitalaustral.edu.ar\/vida\/wp-json\/wp\/v2\/prevencion\/449","targetHints":{"allow":["GET"]}}],"collection":[{"href":"https:\/\/www.hospitalaustral.edu.ar\/vida\/wp-json\/wp\/v2\/prevencion"}],"about":[{"href":"https:\/\/www.hospitalaustral.edu.ar\/vida\/wp-json\/wp\/v2\/types\/prevencion"}],"wp:attachment":[{"href":"https:\/\/www.hospitalaustral.edu.ar\/vida\/wp-json\/wp\/v2\/media?parent=449"}],"curies":[{"name":"wp","href":"https:\/\/api.w.org\/{rel}","templated":true}]}}

Cáncer de cuello de útero: síntomas y prevención
